9
314 (base 10) to base 8
472
-12 (base 6) to base 3
-22
20 (base 3) to base 16
6
What is 1221 (base 5) in base 15?
c6
3 (base 12) to base 10
3
What is 0 (base 9) in base 10?
0
Convert -2a (base 15) to base 7.
-55
What is 32 (base 9) in base 8?
35
Convert 2221 (base 3) to base 13.
61
What is 11110010 (base 2) in base 13?
158
What is 81 (base 12) in base 9?
117
-2 (base 14) to base 13
-2
What is -10 (base 3) in base 7?
-3
What is -1100 (base 2) in base 14?
-c
What is -202 (base 4) in base 6?
-54
Convert -300 (base 8) to base 9.
-233
Convert 1102 (base 4) to base 6.
214
Convert -121 (base 5) to base 4.
-210
What is 3 (base 14) in base 11?
3
Convert 204 (base 6) to base 14.
56
-a7 (base 12) to base 15
-87
29 (base 11) to base 14
23
What is -332 (base 4) in base 12?
-52
18 (base 9) to base 11
16
What is 23 (base 8) in base 2?
10011
Convert 37 (base 8) to base 11.
29
What is -47 (base 12) in base 3?
-2001
Convert -170 (base 9) to base 16.
-90
Convert 12 (base 13) to base 4.
33
2 (base 10) to base 2
10
-1 (base 4) to base 16
-1
What is -11 (base 3) in base 11?
-4
Convert -23 (base 13) to base 7.
-41
Convert 1 (base 10) to base 4.
1
Convert 55 (base 16) to base 11.
78
20 (base 3) to base 10
6
Convert -1 (base 10) to base 6.
-1
-20 (base 8) to base 3
-121
-63 (base 16) to base 7
-201
10 (base 2) to base 7
2
What is -1 (base 6) in base 12?
-1
Convert -7 (base 13) to base 12.
-7
Convert -2 (base 13) to base 5.
-2
What is -10 (base 7) in base 11?
-7
-3 (base 9) to base 16
-3
1000 (base 2) to base 15
8
-7 (base 14) to base 11
-7
Convert 5a (base 12) to base 10.
70
1 (base 10) to base 13
1
-21 (base 4) to base 5
-14
What is -1 (base 8) in base 9?
-1
What is 1302 (base 4) in base 13?
8a
Convert -8 (base 14) to base 7.
-11
Convert -34 (base 13) to base 3.
-1121
-3 (base 9) to base 10
-3
What is 63 (base 8) in base 16?
33
-34 (base 16) to base 13
-40
Convert -14 (base 10) to base 7.
-20
-5 (base 9) to base 5
-10
What is 4 (base 14) in base 10?
4
What is a (base 11) in base 7?
13
-18 (base 16) to base 15
-19
-2 (base 3) to base 6
-2
What is -10 (base 13) in base 4?
-31
What is 5 (base 6) in base 11?
5
What is 2 (base 7) in base 4?
2
What is 10 (base 2) in base 11?
2
Convert -2 (base 7) to base 9.
-2
-10030 (base 4) to base 11
-224
Convert 111 (base 3) to base 5.
23
137 (base 8) to base 13
74
1 (base 10) to base 15
1
What is 3 (base 8) in base 6?
3
What is 11220 (base 4) in base 8?
550
What is -5 (base 15) in base 3?
-12
Convert 35 (base 8) to base 15.
1e
Convert 2 (base 5) to base 4.
2
Convert 8 (base 15) to base 6.
12
Convert 11 (base 2) to base 13.
3
What is 16 (base 8) in base 11?
13
Convert -21 (base 4) to base 9.
-10
Convert -1 (base 3) to base 16.
-1
Convert -47 (base 11) to base 14.
-39
-8f (base 16) to base 7
-263
What is 41 (base 8) in base 9?
36
Convert -174 (base 14) to base 16.
-12a
What is -7 (base 13) in base 14?
-7
Convert 30 (base 4) to base 6.
20
0 (base 13) to base 14
0
Convert -3 (base 8) to base 4.
-3
-1 (base 8) to base 16
-1
Convert -2 (base 12) to base 2.
-10
1c3 (base 13) to base 8
510
-13 (base 16) to base 4
-103
What is 3 (base 12) in base 13?
3
What is -1100 (base 3) in base 7?
-51
Convert -6 (base 8) to base 2.
-110
Convert -3 (base 12) to base 4.
-3
Convert 3 (base 15) to base 4.
3
Convert -266 (base 8) to base 11.
-156
Convert 5 (base 12) to base 9.
5
Convert -100001 (base 2) to base 16.
-21
Convert 12 (base 5) to base 12.
7
Convert 112 (base 4) to base 3.
211
Convert -65 (base 14) to base 10.
-89
What is 1022 (base 3) in base 16?
23
Convert 10 (base 4) to base 13.
4
What is 1140 (base 5) in base 9?
208
-4 (base 9) to base 10
-4
6 (base 9) to base 2
110
323 (base 8) to base 14
111
66 (base 11) to base 10
72
Convert 4 (base 11) to base 4.
10
-232 (base 6) to base 14
-68
What is 144 (base 9) in base 15?
81
3 (base 8) to base 2
11
-1001001 (base 2) to base 7
-133
What is 4 (base 16) in base 3?
11
Convert -1020 (base 4) to base 9.
-80
11 (base 4) to base 12
5
Convert -1002 (base 3) to base 15.
-1e
-1300 (base 4) to base 2
-1110000
Convert -4 (base 14) to base 9.
-4
Convert -23 (base 5) to base 8.
-15
What is 2 (base 6) in base 7?
2
What is 3 (base 14) in base 9?
3
Convert -24 (base 16) to base 11.
-33
Convert 3 (base 15) to base 7.
3
Convert -2 (base 15) to base 6.
-2
-22 (base 8) to base 7
-24
What is -101100 (base 2) in base 16?
-2c
Convert 3 (base 16) to base 9.
3
Convert -4 (base 10) to base 7.
-4
What is -20 (base 3) in base 14?
-6
What is 0 (base 3) in base 6?
0
What is -20 (base 3) in base 12?
-6
Convert -3 (base 15) to base 2.
-11
What is -2 (base 3) in base 2?
-10
-121 (base 13) to base 9
-237
Convert -12 (base 6) to base 3.
-22
What is -4 (base 8) in base 15?
-4
What is -6 (base 8) in base 4?
-12
10 (base 13) to base 10
13
-2a (base 15) to base 5
-130
-2 (base 7) to base 11
-2
-202 (base 4) to base 8
-42
What is 5 (base 6) in base 5?
10
What is -3 (base 9) in base 15?
-3
4 (base 7) to base 16
4
11 (base 2) to base 10
3
What is -17 (base 16) in base 10?
-23
-154 (base 6) to base 4
-1012
What is -103 (base 5) in base 16?
-1c
Convert -26 (base 13) to base 16.
-20
2 (base 13) to base 11
2
What is 30 (base 5) in base 6?
23
Convert 47 (base 8) to base 12.
33
Convert 1 (base 3) to base 11.
1
4 (base 12) to base 10
4
What is -1 (base 15) in base 6?
-1
Convert 1 (base 8) to base 16.
1
Convert -11330 (base 4) to base 14.
-1d2
Convert 72 (base 8) to base 9.
64
Convert -100 (base 5) to base 13.
-1c
What is -138 (base 10) in base 3?
-12010
Convert -6 (base 7) to base 2.
-110
What is 18 (base 14) in base 7?
31
Convert -13 (base 7) to base 5.
-20
Convert 10 (base 3) to base 4.
3
What is -198 (base 11) in base 7?
-444
Convert 1030 (base 4) to base 8.
114
28 (base 13) to base 7
46
What is 13 (base 15) in base 14?
14
What is -7 (base 9) in base 12?
-7
Convert 22 (base 8) to base 7.
24
What is -10 (base 14) in base 16?
-e
0 (base 5) to base 8
0
Convert 7 (base 12) to base 5.
12
What is -1 (base 6) in base 16?
-1
Convert 102 (base 5) to base 14.
1d
-10000010 (base 2) to base 7
-244
Convert -48 (base 15) to base 10.
-68
1 (base 16) to base 7
1
-100 (base 2) to base 3
-11
101001 (base 2) to base 10
41
Convert 0 (base 13) to base 9.
0
43 (base 16) to base 9
74
What is -6 (base 7) in base 5?
-11
Convert 20 (base 4) to base 13.
8
-27 (base 14) to base 4
-203
Convert -e (base 16) to base 15.
-e
Convert 13 (base 9) to base 4.
30
What is -21 (base 3) in base 4?
-13
-31 (base 13) to base 2
-101000
What is -5 (base 8) in base 15?
-5
2 (base 10) to base 14
2
What is -63 (base 8) in base 5?
-201
230 (base 9) to base 5
1224
What is 42 (base 12) in base 5?
200
Convert -2 (base 6) to base 3.
-2
2 (base 3) to base 13
2
What is 12b (base 13) in base 5?
1311
Convert 3 (base 9) to base 11.
3
Convert -75 (base 9) to base 6.
-152
-2 (base 9) to base 6
-2
What is 41 (base 10) in base 6?
105
What is -2 (base 4) in base 16?
-2
What is -b (base 13) in base 12?
-b
What is 11 (base 9) in base 15?
a
What is -1 (base 13) in base 12?
-1
Convert 23 (base 5) to base 10.
13
Convert -1 (base 3) to base 11.
-1
13 (base 13) to base 16
10
What is 418 (base 9) in base 14?
1a5
What is 32 (base 5) in base 13?
14
Convert -24 (base 8) to base 6.
-32
Convert 304 (base 6) to base 16.
70
What is -3b (base 16) in base 4?
-323
What is 64 (base 14) in base 4?
1120
-36 (base 9) to base 8
-41
Convert -2 (base 15) to base 6.
-2
What is 39 (base 10) in base 16?
27
72 (base 10) to base 14
52
-5 (base 15) to base 2
-101
Convert -100 (base 4) to base 16.
-10
What is -127 (base 8) in base 9?
-106
36 (base 8) to base 11
28
19 (base 14) to base 10
23
What is 5 (base 9) in base 13?
5
What is 335 (base 6) in base 16?
83
What is 2 (base 14) in base 4?
2
-26 (base 15) to base 3
-1100
Convert 33 (base 7) to base 4.
120
What is -2 (base 13) in base 11?
-2
1 (base 14) to base 12
1
What is -21 (base 13) in base 8?
-33
Convert -9 (base 12) to base 10.
-9
What is -14 (base 5) in base 10?
-9
14 (base 13) to base 9
18
Convert -1110011 (base 2) to base 6.
-311
67 (base 8) to base 11
50
What is 14 (base 5) in base 11?
9
Convert -271 (base 9) to base 13.
-145
What is 1043 (base 6) in base 9?
300
What is 16 (base 9) in base 6?
23
-10 (base 13) to base 10
-13
What is -3 (base 10) in base 11?
-3
Convert -3 (base 7